ctors of c(-2).
2, 5
Suppose 44 = 4*m - 400. List the prime factors of m.
3, 37
Suppose 0 = 2*h - 4*m - 28, 0*m + 4*m - 126 = -5*h. Suppose 4*s + h = -5*c + 6*c, -3*s + 66 = 3*c. What are the prime factors of c?
2, 11
Suppose -4*l - 120 = -0*l. List the prime factors of (-433)/(-15) + (-4)/l.
29
Let b(a) = -a**2 + a - 4. Let p(t) = 4*t**2 - 2*t + 12. Let y(f) = 7*b(f) + 2*p(f). What are the prime factors of y(5)?
2, 3
List the prime factors of (-2 + 0)*18*-1.
2, 3
Let d(j) be the third derivative of -5/6*j**3 + 1/12*j**4 + 0*j + 0 + 3*j**2. List the prime factors of d(7).
3
Suppose -u - n + 230 = n, -3*n = 5*u - 1157. What are the prime factors of u?
2, 29
Let r(j) = 2*j**2 + 11*j + 16. What are the prime factors of r(-7)?
37
Suppose 0 = k - 0*k - 16. Let l = 3 + k. List the prime factors of l.
19
Suppose 0 = -4*r - 5*y + 550, r = -r + 2*y + 284. List the prime factors of r.
2, 5, 7
Suppose -192 - 43 = 5*f. List the prime factors of 3/9 + f/(-3).
2
Let x(m) = m**2 - 10*m + 3. Let o be x(9). Let s(i) = -i**2 - 8*i + 3. List the prime factors of s(o).
3, 5
Suppose 0 = -0*i + 5*i - 345. Let b = 104 - i. List the prime factors of b.
5, 7
Suppose -4*k = 2*o - 138, 0*k = 3*o - 5*k - 240. Suppose 5*r - o = 5*u, 0*r = 5*u - 4*r + 78. Let z = u - -30. What are the prime factors of z?
2, 3
Let m be 0*(-2 - 2/(-2)). Let g(w) = -w**3 + w**2 - w - 1. Let j be g(-1). Let s = j - m. What are the prime factors of s?
2
Let j = -10 + 16. Suppose -5*z = -3*w - 54, z = j*z - 2*w - 51. What are the prime factors of z?
3
Let k = 1 + 4. Suppose 6*u = k*u + 20. Suppose 2*d - d = -4*j + 16, -5*j = 5*d - u. What are the prime factors of j?
2
Suppose -88 = 3*v - 4*v. Let y = -60 + v. What are the prime factors of y?
2, 7
Suppose 2*l = -3*l + 100. List the prime factors of l.
2, 5
Suppose -5*s + 20 = -0*s. Suppose 3*i - 8 = i + s*r, -5*i - 4*r = -20. Let t = 1 + i. What are the prime factors of t?
5
Let h be 0 - (-2 + 6)/(-1). Suppose -12 = -h*p + 2*p. Suppose -4*j + 0*b = -2*b - 16, 3*b + p = 3*j. What are the prime factors of j?
2, 3
Let n(g) = -g**3 - 2*g**2 + 2*g. Let c be (-4)/14 + (-65)/(-7). Let f = 6 - c. List the prime factors of n(f).
3
Suppose -6 = -2*d + 30. List the prime factors of 318/d - (-2)/(-3).
17
Suppose -5*b + 7 = r, -5*b = r - b - 6. Suppose -s = -4 - r. List the prime factors of s.
2, 3
Let f(t) = -2*t - 15. Let p(k) = -k - 10. Let v(m) = -5*f(m) + 8*p(m). Let r be v(4). Suppose -2*c - r*a - 6 = -4*c, 3*a - 12 = 0. List the prime factors of c.
3
Let x = 451 + -321. Suppose -3*t + 0*t + x = 2*a, -2*a - 122 = -3*t. What are the prime factors of t?
2, 3, 7
Suppose -15 = -5*p - 5. Let j be 10 - (p + -1 + -1). Let g = 18 - j. List the prime factors of g.
2
Let i = 11 + -6. Suppose 0 = 4*z - i*z. What are the prime factors of z + -1*(1 + -16)?
3, 5
Let q(d) = -6*d**3 + 1. Let b be q(1). Suppose 18 = 22*k - 19*k. What are the prime factors of (-40)/k*12/b?
2
Let o = -232 - -364. List the prime factors of 2/(-10) - o/(-10).
13
Let q be (4 - 10)/(2/24). Let k = -48 - q. What are the prime factors of k?
2, 3
Suppose 0 = -4*a + 2*a + 3*l + 99, -l = -5*a + 215. What are the prime factors of a?
2, 3, 7
Let l(o) = o**2 - 16*o + 18. List the prime factors of l(16).
2, 3
Let w(j) = -35*j + 15. Let o(u) = 12*u - 5. Let v(h) = 11*o(h) + 4*w(h). Let i be v(-5). Suppose 5 = 5*f - i. What are the prime factors of f?
2, 5
Suppose q - 10 = 4*x, 0 = -2*q + x - 6*x + 7. List the prime factors of (-40)/q*6/(-2).
2, 5
Suppose 0 = 4*l - 5*l + 41. Let p = 75 - l. List the prime factors of p.
2, 17
Suppose k = -5*r + 13, 5*k - 8*r + 3*r - 5 = 0. Suppose k*h - 3 = 6. List the prime factors of h.
3
Let g = 80 - 34. List the prime factors of g.
2, 23
Let j(y) = -y + 2. Let h be j(0). Suppose 2*u = 6 + h. What are the prime factors of u?
2
Suppose 0*l - 5 = -l. Suppose 0*o = l*h + 3*o - 75, 5*h + 2*o - 80 = 0. What are the prime factors of h?
2, 3
Let j = 67 - 27. List the prime factors of j.
2, 5
Let z(n) = 6*n**2 - 5*n**2 + 5 - 2 - 5. Let f be ((-6 + 2)*1)/1. List the prime factors of z(f).
2, 7
Suppose 2*w = 3*w - 2. List the prime factors of (-15)/(-2 - (-1)/w).
2, 5
Let y be 1 - (2 + -1)*-1. Suppose 5*n + y*x = 43, -3*x = -4*x + 4. What are the prime factors of n?
7
Suppose 5*c - 3*i - 3 = 0, 18 = 5*c + 3*i - 9. Suppose -y + 8 = 5*s, y - 10 - 4 = -c*s. What are the prime factors of y?
23
List the prime factors of 981/12 - 2/(-8).
2, 41
Suppose -7*d + 2*d + 85 = 0. Suppose 0 = -5*m + d - 2. Suppose 0 = m*u + u - 40. What are the prime factors of u?
2, 5
Suppose -5*k = 3*f + 15, 5 = 3*k - 3*f + 14. Let b = k + 11. What are the prime factors of b?
2
Let n = 8 - 6. Let c(s) = s**2 + 5*s - 9. Let a be c(-7). Suppose a*k - m - 3 - 15 = 0, 3*m - n = k. What are the prime factors of k?
2
Suppose 0 = 3*m - 2*u + 13, -m = u + u - 1. Let z = m - -15. What are the prime factors of z?
2, 3
Suppose -2*h + 4*h - 2 = -2*r, 0 = h + 2*r + 1. Suppose -3*j - h*a + 7*a = -23, -4*j + 31 = -5*a. List the prime factors of j.
3
Let l be (-1 - -1)/1 - -2. Suppose -2*s + l*y = -4, -4*y - 4 - 25 = 3*s. What are the prime factors of (s - -2)/((-2)/8)?
2
Suppose -2*o - 4*o + 324 = 0. What are the prime factors of o?
2, 3
Let c = 1 - -94. What are the prime factors of c?
5, 19
Let w = 450 - 154. What are the prime factors of w?
2, 37
Suppose 3*k = -2*t - 5, t - 14 - 3 = 5*k. Suppose 3*g + 9 = 6*g, -t*m + 3*g + 29 = 0. List the prime factors of m.
19
Let z = 11 - 11. Let a(d) = -d - 13. Let i(b) = 4*b + 52. Let j(n) = -9*a(n) - 2*i(n). List the prime factors of j(z).
13
Let r(v) = -2*v - 1. Let o be r(2). Let i(x) = -x + 1. List the prime factors of i(o).
2, 3
Suppose -7 - 21 = -2*c. Suppose -o = o - c. What are the prime factors of o?
7
Let h = 5 - 3. List the prime factors of 21*1 + -4 + h.
19
Let t(u) = u**2 + 5*u + 4. Let h be t(-5). Let f(a) = a**3 - 3*a**2 - 3*a + 2. List the prime factors of f(h).
2, 3
Suppose 4*g + 495 = 3*n, -2*n + 148 = g - 171. What are the prime factors of n?
7, 23
Suppose 4*u = 16 + 44. Let d(o) = o**3 + 3*o**2 - 2*o - 3. Let g be d(-3). Suppose 0 = 2*c - u - g. List the prime factors of c.
3
Let x(v) = -v**3 + 9*v**2 - 11*v + 4. List the prime factors of x(7).
5
Suppose -2 + 12 = 5*c. Suppose 1 + c = w. Suppose 27 = 3*p - 0*p - w*b, 3*b = -2*p + 3. What are the prime factors of p?
2, 3
Suppose y + 641 = 4*v - 39, -4*y - 523 = -3*v. What are the prime factors of v?
13
Let v(c) = c**2 + 3*c - 2. Let i be v(-3). Let s = i + 1. List the prime factors of s/(68/(-22) - -3).
11
Suppose 28*m + 70 = 33*m. What are the prime factors of m?
2, 7
Let b be ((-26)/8)/(1/(-12)). Suppose b = 5*f - 26. List the prime factors of f.
13
Suppose 0 = 6*u - u - 35. Let d(m) = m**2 - 7*m + 2. List the prime factors of d(u).
2
Let u(s) be the third derivative of s**5/60 - s**4/6 - s**3/3 + 3*s**2. Suppose 0 = -d - 1, -4*m + 5 = 4*d - 11. What are the prime factors of u(m)?
3
Let u = 15 - 20. List the prime factors of 2/u + (-111)/(-15).
7
Let w(v) = v**3 + 3*v**2 + 4. Let k be w(-3). Let o = k - 4. Suppose 21 = -o*y + 3*y. List the prime factors of y.
7
Suppose q - 5 + 3 = 0. Suppose 153 = 5*l + q*g, 0 = -5*g + g - 4. List the prime factors of l.
31
Let h(o) = 4*o + 2. Suppose 0 = -4*r + 2*r + 4. Let x be h(r). Suppose -2*p + 5 = l, 2*l = -0*p - 3*p + x. What are the prime factors of l?
5
Let k(x) = -3*x + 5. Let r be k(-5). Let i = -8 + r. List the prime factors of i.
2, 3
Let v = 11 + -7. Suppose v*c + 5*d - 18 = 0, c - 8 = -0*c - 3*d. Suppose -c*y = -0*y - 22. List the prime factors of y.
11
Let z be ((-60)/14)/((-4)/28). Let k = -21 + z. Suppose -2*u + 21 - k = 0. What are the prime factors of u?
2, 3
Let r be (1 - 0)/((-2)/(-8)). Suppose 2*n = n + r. What are the prime factors of n?
2
Let v = 0 - -6. What are the prime factors of v?
2, 3
List the prime factors of 8/4*2/((-16)/(-124)).
31
Suppose 4*o - 62 = 3*d, 2*o + 0*d - 38 = 5*d. What are the prime factors of -4 + o + (-1 - -1)?
2, 5
Let j = -6 + 48. What are the prime factors of j?
2, 3, 7
Let t(d) be the third derivative of -d**4/24 - d**3 + d**2. Let x be t(-7). Suppose -y - x = n - 12, 3*n - 53 = -5*y. What are the prime factors of y?
2, 5
Suppose 2*y = 2*s - 632 + 10, 5*s + 3*y = 1571. List the prime factors of s.
313
Suppose k - 87 =